j - 3*j = 3*i - 24, -9 = -3*j. Suppose c = i*o - 6 - 22. What is the units digit of o?
7
What is the thousands digit of -4*51/(-68)*10072?
0
Suppose 0 = -3*r - 15, 3*b - 2*r + 147438 - 58375 = 0. What is the tens digit of (-22)/(-209) - b/57?
2
Suppose -366 - 685 = -x + 2*k, 4*x - 4240 = -4*k. Let i = x + -350. What is the tens digit of i?
0
Let b(h) = 178*h**2 + 4*h - 2. Let p = 327 + -325. What is the tens digit of b(p)?
1
Suppose -2*i = -2, -3*w - 8 = 3*i - 107. Suppose w*z = 34*z - 590. What is the units digit of z?
5
Suppose -c = 3*j - 194415, 0 = 5*j + 6*c - 2*c - 324025. What is the thousands digit of j?
4
Let d(t) = 2*t**2 + 7*t - 6. Let g be d(5). Let f = 3884 - 3907. Let j = f + g. What is the tens digit of j?
5
Suppose 8 = -2*d - 16. Let z(j) be the third derivative of j**5/60 + j**4/12 - 4*j**3 + 27*j**2 + 2*j. What is the tens digit of z(d)?
9
Let w be -3 + (-1225)/21 - (-2)/6. Let z = 99 + w. What is the units digit of z?
8
Suppose 21*v = 25*v + 2*r - 10, 2*v - 7 = r. Let c(b) = 179*b**2 + 13*b - 36. What is the units digit of c(v)?
4
Let l = -258 - -626. What is the tens digit of l + ((-66)/(-18) - 5)*-3?
7
Suppose -4*y - 4*k = 104, 0 = -2*y + 4*y - 4*k + 82. Let p = 41 - y. Suppose a + p = i, -2*a + a + 372 = 5*i. What is the units digit of i?
4
Suppose -m - q - 3*q + 170 = 0, -q = -3*m + 471. Suppose -1450 = -12*x + m. What is the hundreds digit of x?
1
Suppose -4*h = 14*r - 135927 - 102869, 5*h - 298495 = r. What is the units digit of h?
9
Let x(f) = 6*f**3 - 3*f**2 + 32*f + 17. Let s be x(7). Suppose 4*w + s = 7592. What is the thousands digit of w?
1
Suppose 5*l + 13554 = 3*c, 4*l = 246*c - 241*c - 22590. What is the thousands digit of c?
4
Suppose -6 = -20*x + 18*x. Suppose 5*u - x*u + u = 0. What is the units digit of u/(4/2) + 56?
6
Let x(j) = -384*j**3 + 2*j**2 + j + 5. Let s be x(-2). Let n = -1964 + s. What is the thousands digit of n?
1
Let n be 139/(33/15 - 2). Suppose 2041 = 2*w + w + 4*d, w + 5*d - n = 0. Suppose -5*z + 645 = 4*t, 3*z + w = 4*t - 2*z. What is the tens digit of t?
6
Suppose -2*s - 1287 = 7*s. Let h = s - -17. Let y = h - -215. What is the tens digit of y?
8
Suppose m = -2*m + p - 303, 404 = -4*m - 5*p. Suppose -11*o - 818 = 931. Let d = m - o. What is the units digit of d?
8
Suppose 3*h - 5*b - 3 = 2*h, 4*b = 4*h + 4. Let p be (h + (3 - (-1 + 1)))*-1. What is the units digit of (-10)/25 - (636/15)/p?
2
Suppose -12 = -28*p + 24*p. Let v = -9 - p. What is the tens digit of (95/2)/((-6)/v)?
9
Suppose 0 = -14*o + 19*o + 3*z - 39089, 3*o - 5*z - 23467 = 0. What is the thousands digit of o?
7
Suppose -5*d = 15*d + 5*d. Suppose 4*s - 135 - 209 = d. What is the units digit of s?
6
Let k(c) = c**3 + c - 8. Let n = 5 - 0. Let b be k(n). Let f = -56 + b. What is the tens digit of f?
6
Suppose -81*g + 54020 = -71*g. Suppose 4*j + m - 854 - g = 0, 4*m - 16 = 0. What is the hundreds digit of j?
5
Let l be (10208/(-48))/(6/135). What is the tens digit of (-17)/(255/l) + (3 - -1)?
2
Suppose 40*u - 192485 - 47387 = 413768. What is the units digit of u?
1
What is the hundreds digit of (-3)/(-2) + ((-606606)/(-12) - -5)?
5
Let s be (300/(-9))/(2/6). Suppose 0 = -995*u + 1000*u + 1375. Let p = s - u. What is the units digit of p?
5
Suppose 5*g - 3*j + 14 = 0, g + 3*g + 26 = -5*j. Let b(s) = -20*s**3 + 17*s**2 + 53*s + 3. What is the units digit of b(g)?
3
Suppose 4*l = -2*o + 902, 18 = 5*l + 8. Let p = o - 335. What is the hundreds digit of p?
1
Let l be 1 + 42/(-4)*2. Let j(o) = 4*o**2 - 126*o - 159. Let x be j(33). Let w = x - l. What is the tens digit of w?
5
Suppose -4*s + 546 = -3*z, -2*z = -4*s + 268 + 280. Let b be (-9)/(-3)*130/15. Suppose 4*g - s = -b. What is the tens digit of g?
2
Let n be (-39 - -40)/(4/(-8)). Let b(h) = h + 4. Let y be b(-2). What is the units digit of (-8 - n)/(-6) + 196/y?
9
What is the units digit of (3 - (-1617)/1)*(52 - 51)?
0
Let k = -42 - -42. Let o(n) = 7*n + 11. Let d be o(k). Suppose 405 = -6*v + d*v. What is the tens digit of v?
8
Let y = -22 + 64. Let m be 1372/6 - (-56)/y. Suppose -143 = -4*z + 5*q, -5*z + m = -4*q + 58. What is the units digit of z?
2
Let b(z) = 6*z**2 - 21*z - 86. Let d be b(-9). Let u = 675 - d. What is the units digit of u?
6
Let i = -9575 - -22278. What is the units digit of i?
3
Suppose 0 = -56*c + 16*c + 272747 + 100413. What is the hundreds digit of c?
3
Suppose -8*m = 1068 - 84. Let n = 165 + m. What is the units digit of n?
2
Let z(j) = -2*j + 23. Let a be z(11). Suppose 4*v = -c - a, -23 + 3 = 4*v. Suppose -c*d + 6*d + 390 = 0. What is the units digit of d?
0
Suppose -3*h = -h - 3*n - 43, -4*n + 116 = 4*h. Suppose -5*d + 5*k = -65, 4*d - 3*k - 45 = 8. Suppose -d*w = -h*w + 1884. What is the units digit of w?
7
Suppose -3*m = -2*j + 598 + 92, 5*j - 1699 = m. What is the hundreds digit of j?
3
Let p = 893 + -495. Let n = -7 + p. What is the hundreds digit of n?
3
Let o(y) = 46*y + 598. Let t be o(-13). Let i be (0 - -2) + -3 + 1. Suppose 5*k + 2*p - 1231 = t, 3*k + i*k = -p + 738. What is the units digit of k?
5
Let i(k) = -59*k**3 - k**2 + 2*k + 3. Suppose 6*s = 3*s - 6, 2*j + 4*s = -8. Suppose 14*v - 18*v - 4 = j. What is the units digit of i(v)?
9
Let u(c) = -5*c**3 - 46*c**2 - 40*c - 123. What is the hundreds digit of u(-21)?
7
Let p(i) = -18736*i + 2662. What is the units digit of p(-2)?
4
Let n = 6146 + 5468. What is the ten thousands digit of n?
1
Suppose 277*b - 478686 = -143830 + 704171. What is the thousands digit of b?
3
Suppose 60788 = 262*w - 279*w + 169792. What is the units digit of w?
2
Let y be (7 + -12 + 5)/(-1 + 2). What is the units digit of y + 1 - (6 + -7 - 2)?
4
Suppose 0 = -0*t + 6*t - 336. Suppose 52*j + 1996 = t*j. What is the units digit of j?
9
Suppose c = -19*c + 143980. What is the hundreds digit of c?
1
Let q = 2444 - 2083. Suppose h + 0*h + 132 = 0. Let a = q + h. What is the tens digit of a?
2
Suppose -q = 15*k - 16*k + 2627, -2*q + 13128 = 5*k. What is the hundreds digit of k?
6
Let d be 6/(-18) + (-11)/3. Let a be 78 + 12/(0 + d). Suppose -8*s = -3*s - a. What is the units digit of s?
5
Suppose 41*w + 15 = 46*w. Suppose 1500 = w*n + 159. What is the units digit of n?
7
Let s be (441/7)/(4/(-76)). Let l = s - -2651. What is the tens digit of l?
5
Suppose 0*b = -3*b + 24. Suppose 3*r - h = b, -4*r = 4*h - 11 - 21. Suppose -r*w + 136 = 4*x, x + 2 - 34 = w. What is the tens digit of x?
3
Let x(g) = 4*g**3 + 2*g**2 - 6*g - 4. Let c be x(-4). Let d = 402 + c. What is the units digit of d?
8
Let t(p) = -37 + 0*p - 24 + 69 + 6*p. Let f be t(1). Suppose -f*y - 408 = -31*y. What is the units digit of y?
4
What is the hundreds digit of (-2)/42*-3 - (-8800423)/721?
2
Let p = 58 - 48. Suppose -p*l - 239 = 111. Let r = l + 137. What is the tens digit of r?
0
Suppose -3402 = -2*i - 4*c, 2*i + 1435 = 3*c + 4837. What is the thousands digit of i?
1
Suppose 3*g - 15 = -3*v, 9*g - 4*v - 4 = 7*g. Let r(m) = 9*m**2 + 3*m - 6. Let u be r(5). Suppose -g*j = -j - u. What is the units digit of j?
8
Let m be -7 + 3 + 0 + 9. Suppose -5*x = -3*r - 12, -4 = -3*x + m*x + r. Suppose x = -4*l + 8, 688 = 5*g - 5*l + 163. What is the units digit of g?
7
Suppose -369270 = -149*s + 83*s. What is the hundreds digit of s?
5
Let r be (1 + 0 - (-3184)/48)*-3. Suppose -2 = -2*w, w + 4*w + 1339 = -4*i. Let o = r - i. What is the tens digit of o?
3
Suppose -74*o - 2140 = -76*o. Let m = 1612 - o. What is the hundreds digit of m?
5
Suppose 4*f + 41 = -5*p, 3*f = 2*p + 3*p - 57. Let l be (-12)/f*112/32. Let r(j) = 4*j**2 + 6*j + 3. What is the tens digit of r(l)?
5
Let p = 72 - 62. Suppose 16*b = p*b + 1332. What is the hundreds digit of b?
2
Let w(l) = l**2 - 3. Let k be w(4). Let g(v) = 10*v - 19. Let u(i) = -12*i + 18. Let f(m) = 5*g(m) + 4*u(m). What is the units digit of f(k)?
3
Suppose 6*q - 10*q - 824 = 0. Let n = q + 437. What is the tens digit of n?
3
Suppose 0 = -5*i, -2*s + 2*i + 992 = 6*i. Let t = s + 196. What is the tens digit of t?
9
Let v be ((-297)/(-9))/(30/(-64))*5. Let l = 440 + v. What is the units digit of l?
8
Let k(v) = 6*v**2 + 5*v - 11. Let f be k(3). Suppose -3*m - 12 = 0, 3*t - f - 1307 = 3*m. What is the tens digit of t?
5
Let l be -2 + (2 - 0)/(8/12). Let c be (4 - -6) + (-3 - l). Suppose -2*p = -c*p + 868. What is the hundred